0 = 3*l - 60 - 486. What is the highest common divisor of 28 and l?
14
Let s(r) = 12*r**2 + 33*r + 39. Let c be s(-7). Calculate the highest common factor of c and 572.
44
Let y be -3*(-3)/9 + 4. Suppose -5*j + y = -0. Suppose 4*x - 79 = j. Calculate the greatest common factor of x and 30.
10
Let n = 14 + 314. Suppose 0 = 5*w - 4*y - n, 2*y - 53 - 71 = -2*w. Calculate the highest common divisor of 160 and w.
32
Let g = 29 + 13. Suppose 13*x = 10*x + g. Calculate the highest common factor of x and 14.
14
Suppose 3*i = 574 - 145. Let u(v) = -6*v + 1. Let h be u(-2). Calculate the highest common factor of h and i.
13
Let j = 15 + -27. Let n be (j/33)/(-2)*11. Calculate the highest common divisor of n and 18.
2
Let j = 5 - 1. Let d be 0 - (-61 - j/2). Calculate the greatest common factor of d and 7.
7
Let k be 180/99 - (-4)/22. Suppose 3*l = -h + 160, 4*l - h - 256 = -l. Let d = l - 42. What is the highest common divisor of k and d?
2
Let r be 366/305 - (-2469)/5. Calculate the highest common factor of 180 and r.
45
Let m(n) = n**3 - 4*n**2 - 7*n - 6. Let k be m(6). Let i = -11 - -19. Let o = 28 + i. Calculate the highest common divisor of k and o.
12
Let g be (-4)/(-28) - (-8)/(-84)*-282. Calculate the greatest common divisor of 459 and g.
27
Suppose -3*b - 3 + 23 = -4*t, -3*t = 2*b - 19. What is the highest common divisor of 4 and b?
4
Let o(m) = 6*m - 280. Let b be o(48). What is the greatest common divisor of b and 20?
4
Suppose 3*q = 2*q + 18. Suppose -z - 488 = -3*d, 3*d + 7*z - 484 = 6*z. What is the greatest common factor of d and q?
18
Suppose -21*m + 16*m = -4*q + 221, 3*q - 137 = -2*m. What is the highest common divisor of 7 and q?
7
Let p be (-1)/(4/8) - 30/(-1). What is the highest common factor of p and 140?
28
Let n be 13/(1/2 + -1). Suppose t = 3*b - 0*t - 175, 4*b = 2*t + 234. Let q = n + b. Calculate the greatest common factor of 16 and q.
16
Let m = -133 - -207. Calculate the greatest common factor of 259 and m.
37
Let t(y) = 5*y**3. Let o be t(-1). Let j(w) = -w + 16. Let g be j(o). What is the greatest common divisor of 231 and g?
21
Suppose -18 = -8*n - 2. Suppose n*p = 8*p - 108. Calculate the greatest common factor of p and 24.
6
Let h be 5*(-2)/(-5)*1. Let f(z) = 8 + z - 2 - h*z - 5*z. Let q be f(-6). What is the greatest common factor of 14 and q?
14
Suppose 17 - 5 = -6*r. Let w be r*(-2 - (-108)/(-8)). What is the highest common factor of w and 279?
31
Suppose 2*c = 3*k - 622 + 156, -3*k + 456 = 3*c. Calculate the highest common divisor of k and 44.
22
Suppose -4 = -2*r + 4, -r - 16 = -y. Calculate the greatest common divisor of 130 and y.
10
Let i(l) = -36*l - 137. Let f be i(-5). Calculate the greatest common factor of f and 86.
43
Let m = -1063 - -1068. Calculate the highest common factor of 70 and m.
5
Let c = 100 + -95. Suppose 0*o + 3*o - 75 = -c*g, -g = -4*o - 38. Calculate the greatest common factor of 108 and g.
18
Let p(z) = -49*z**3 - 2*z**2 - 2*z - 1. Let x be 12/(-6) + (-1 - -1). Let g be (x/(-8))/((-2)/8). Let d be p(g). Calculate the highest common factor of 6 and d.
6
Let w = 1613 + -1587. Calculate the greatest common divisor of w and 221.
13
Suppose 167 = 34*q - 105. Calculate the highest common divisor of 7 and q.
1
Suppose -3*z = 8*u - 3*u - 469, -3*u + 3*z + 291 = 0. Calculate the greatest common factor of u and 57.
19
Suppose 4*u - 136 = -4*u. Suppose 14 = -u*k + 19*k. What is the greatest common factor of 63 and k?
7
Let j(i) = 4*i**2 + 2. Let k be j(-3). Let h = k - -34. Suppose -2*y + 4*p + 80 = 2*y, 0 = -y - 5*p + 8. What is the highest common factor of y and h?
18
Let n = 517 - 872. Let k = -243 - n. Calculate the highest common divisor of k and 16.
16
Let b(f) = f**2 - f - 17. Let x be b(-9). Suppose 2*j = -1 + x. What is the greatest common divisor of 288 and j?
36
Let l be ((-33)/(-9))/(1/3 + 0). What is the highest common factor of l and 2?
1
Suppose 10*h = h + 63. Suppose -325 = -h*w + 11. Calculate the greatest common factor of 64 and w.
16
Let f be (-1 - 2)*-17 + 3. Suppose 0 = 5*w + n - 34, -4*w + 15*n - 12*n = -12. Calculate the greatest common divisor of w and f.
6
Suppose 92*y + 240 = 96*y. What is the greatest common factor of 288 and y?
12
Suppose 0 = 22*k - 18*k - 36. Let n be (-30)/k*3/(-1). Suppose -s - 4*u + u + 40 = 0, 160 = 4*s + u. Calculate the greatest common divisor of s and n.
10
Let r(w) = 91*w - 35. Let s be r(1). What is the highest common factor of 308 and s?
28
Suppose -35*j + 7710 = -1390. What is the greatest common divisor of 240 and j?
20
Let r = 25 + -13. Suppose -25 = -5*t, -7*z - 5*t = -2*z - 205. What is the highest common factor of z and r?
12
Suppose -25*o = 5*j - 27*o + 130, -4*o = 2*j + 52. Let g(b) = 4*b. Let m be g(-2). Let l be 128/m*j/8. Calculate the greatest common factor of l and 13.
13
Suppose -2*w + w + 4*p = -7, 5 = -5*p. Suppose d - w = 13. What is the highest common factor of 24 and d?
8
Let x be (-2)/6 - 165*42/(-54). What is the greatest common divisor of x and 224?
32
Let x(r) = -r**2 - r + 12. Let n(o) = o - 1. Let s(c) = -3*n(c) - x(c). Let w be s(5). Let d = -10 - -14. What is the highest common factor of w and d?
2
Suppose -q - 3*i = -64, i = 2 + 2. What is the highest common divisor of 65 and q?
13
Suppose 4*j - 1085 = 499. Suppose -2*n + j = 9*n. Calculate the greatest common divisor of n and 90.
18
Suppose -2*a - 165 = -13*a. Let n(w) = 2*w**2 - w - 6. Let t be n(6). Calculate the highest common divisor of t and a.
15
Suppose -2*o = -6, -7*o - 69 = -4*s - 2*o. Let n = s - 6. Calculate the greatest common divisor of n and 75.
15
Let s = 127 - 73. Let n = 112 - s. Calculate the highest common divisor of n and 145.
29
Let v be 16/104 - (-5690)/26. What is the highest common factor of 146 and v?
73
Let j(a) = a**2 - 12*a - 18. Let u be j(-2). Calculate the highest common factor of 85 and u.
5
Suppose 166*d = 162*d + 944. Calculate the greatest common divisor of 4 and d.
4
Let d(t) = 14*t**2 + 13*t - 30. Let h be d(9). What is the greatest common factor of 37 and h?
37
Suppose -5*s - 5*p = -80, 14*s - 9*s + 2*p - 77 = 0. What is the greatest common factor of 70 and s?
5
Suppose -5*w = -2*v + 82, -2*v - 8*w = -3*w - 122. What is the highest common factor of 51 and v?
51
Let n(t) = t**3 - 3*t**2 - t + 2. Let c be n(4). What is the greatest common divisor of c and 49?
7
Let n = 190 - 162. What is the highest common divisor of 21 and n?
7
Let y be (-3)/(-18) - (-33909)/18. Let s be (-1)/((-4)/y) + -3. Suppose 5*c + j = 1023, 5*c - j - s = 549. Calculate the greatest common divisor of 34 and c.
34
Let j = 552 + -256. Let l(p) = p**3 - 33*p**2 - 33*p + 3. Let a be l(34). What is the greatest common factor of a and j?
37
Let h(p) = p - 2. Suppose -6*g = -2*g - 48. Let k be h(g). Calculate the greatest common divisor of 10 and k.
10
Let x(p) = 9*p - 22. Let n be x(6). Let m(y) = -y**3 - 11*y**2 - y - 11. Let j be m(-11). Suppose -t + 8 = -j. Calculate the highest common factor of n and t.
8
Suppose 20 = 2*c + 3*c. Let y = -1390 - -1386. Let d be c/((32/(-20))/y). Calculate the greatest common divisor of 10 and d.
10
Suppose 5*a - 5*w - 2945 = 0, a + 2*w - 5*w = 597. Calculate the highest common divisor of a and 45.
45
Let n(c) be the first derivative of -c**2/2 + c + 8. Let v be n(0). What is the greatest common divisor of 7 and v?
1
Let j = 963 - 902. What is the highest common factor of 2 and j?
1
Suppose -3*l = 3*b - 30, 2*l + 17 = 3*b - 13. Let d = -9 + b. Suppose -3*v + 46 = d. Calculate the highest common factor of 60 and v.
15
Suppose 86*l = 47*l + 43758. Calculate the highest common factor of 170 and l.
34
Suppose 4*g - h = 4*h - 6, -4*g + 14 = 5*h. Let f(m) = -13*m + 1. Let s be f(g). Let l be ((-80)/s)/(-2)*-24. Calculate the greatest common factor of 16 and l.
16
Suppose 0 = -f + 2*o + 18, 3*f + o + 2*o - 27 = 0. Suppose -108 = 3*q - f*q. What is the highest common factor of 42 and q?
6
Suppose -143 = -4*k + 3*k + w, 3*k + 2*w - 424 = 0. What is the highest common divisor of 71 and k?
71
Let f = 119 + -116. Suppose -f*y - 67 = -u, 3*y - 34 = -3*u + 119. What is the highest common factor of u and 22?
11
Let p(j) = -32*j - 409. Let y be p(-49). Calculate the greatest common divisor of 61 and y.
61
Let h = -106 + 138. Calculate the 